mon factor of 58377 and 1681449?
957
Calculate the greatest common factor of 11059336 and 2864.
1432
Calculate the highest common factor of 327221 and 1356977.
943
What is the greatest common factor of 1526 and 964586?
14
Calculate the highest common factor of 22938228 and 27.
27
Calculate the greatest common divisor of 133696538 and 30974.
1822
Calculate the highest common factor of 9009729 and 531.
9
What is the greatest common divisor of 435168682 and 26?
26
Calculate the highest common divisor of 15180212 and 296.
148
Calculate the greatest common factor of 7703132 and 2489.
19
What is the greatest common divisor of 4784 and 50792456?
104
What is the highest common factor of 87080 and 49208?
8
What is the highest common divisor of 26016425 and 50?
25
What is the highest common divisor of 86 and 76923646?
86
What is the greatest common factor of 336 and 18491472?
48
Calculate the highest common factor of 693 and 9850533.
231
Calculate the greatest common divisor of 2806015 and 95.
95
Calculate the greatest common divisor of 27768 and 3792984.
312
What is the greatest common divisor of 146881 and 2387?
7
What is the highest common factor of 143125 and 423125?
625
Calculate the greatest common divisor of 1905840 and 9360.
720
What is the highest common divisor of 87319 and 797915?
3011
What is the highest common factor of 52081612 and 1364?
1364
What is the highest common factor of 288448830 and 810?
270
Calculate the highest common factor of 244998 and 1274832.
702
Calculate the greatest common divisor of 162904 and 512.
8
What is the highest common factor of 16650 and 8942900?
1850
Calculate the highest common divisor of 31750014 and 332499.
2427
What is the highest common factor of 5376 and 311664864?
672
What is the greatest common divisor of 334360 and 133640?
520
What is the greatest common factor of 2320 and 117233660?
580
What is the greatest common divisor of 11038139 and 1029?
7
What is the highest common divisor of 735887 and 1359907?
761
Calculate the highest common factor of 4475271678 and 1002.
1002
Calculate the greatest common divisor of 1559210 and 4.
2
Calculate the greatest common factor of 15 and 53439635.
5
What is the highest common factor of 169658 and 112873?
41
What is the greatest common factor of 82198 and 48472?
146
Calculate the greatest common factor of 4664 and 286352.
88
What is the greatest common factor of 2994320 and 92240?
80
Calculate the greatest common divisor of 444 and 17857680.
444
What is the greatest common divisor of 82 and 57645918?
82
What is the greatest common factor of 21756 and 12396?
12
Calculate the greatest common factor of 70834 and 25466.
214
Calculate the greatest common divisor of 1715961 and 64584.
897
What is the greatest common factor of 52 and 1769209?
13
Calculate the highest common divisor of 127805215 and 370.
185
What is the highest common divisor of 93765537 and 36?
9
Calculate the highest common divisor of 17404893 and 2888.
361
Calculate the greatest common factor of 101808 and 1244421.
909
Calculate the greatest common divisor of 46857946 and 92.
46
What is the greatest common factor of 236 and 4107462?
118
What is the greatest common divisor of 3634 and 56258?
46
Calculate the highest common factor of 560027 and 3887.
299
What is the greatest common divisor of 547848 and 32924143?
7609
Calculate the highest common factor of 75 and 58897700.
25
Calculate the highest common divisor of 1291439 and 5695.
17
Calculate the greatest common factor of 585462 and 10.
2
What is the highest common factor of 99040005 and 90?
45
Calculate the highest common factor of 204081 and 8069847.
3459
Calculate the greatest common factor of 263745452 and 1996.
1996
Calculate the highest common factor of 239104 and 54400.
128
Calculate the highest common divisor of 81379774 and 426.
142
Calculate the highest common factor of 3870 and 67703715.
1935
What is the greatest common factor of 1243 and 3481417?
113
Calculate the highest common divisor of 117615 and 1695.
15
What is the highest common divisor of 12547904 and 969?
323
What is the highest common divisor of 1499004 and 6071?
13
What is the highest common factor of 810 and 34001856?
162
Calculate the highest common divisor of 674883 and 26928.
1683
What is the greatest common divisor of 2988005 and 136?
17
Calculate the greatest common factor of 277185645 and 1485.
1485
Calculate the highest common factor of 167213965 and 16815.
5605
Calculate the highest common factor of 32169613 and 1179227.
7511
Calculate the highest common factor of 220920274 and 4892.
2446
What is the highest common factor of 48 and 710336?
16
Calculate the greatest common factor of 346448610 and 2754.
918
What is the greatest common divisor of 12 and 237211710?
6
Calculate the greatest common factor of 80479302 and 8244.
1374
Calculate the greatest common factor of 8 and 27085.
1
What is the greatest common divisor of 6697404 and 24624?
324
What is the highest common factor of 251944256 and 1216?
1216
What is the highest common factor of 331056 and 41844?
132
What is the highest common divisor of 29161095 and 1740?
435
Calculate the highest common factor of 16174175 and 1058.
529
Calculate the highest common divisor of 5479882 and 4505.
901
What is the highest common factor of 370 and 10179662?
74
Calculate the highest common divisor of 401833 and 8717.
23
Calculate the highest common factor of 6237 and 8887802.
77
What is the greatest common factor of 164432214 and 162?
54
What is the greatest common divisor of 242105 and 4018?
41
What is the greatest common factor of 40047122 and 4?
2
Calculate the greatest common factor of 2583 and 79551864.
63
Calculate the highest common factor of 534 and 81222.
6
What is the greatest common divisor of 25 and 1900935425?
25
What is the greatest common factor of 203102 and 1900706?
1174
Calculate the highest common factor of 13062 and 3186498.
42
Calculate the highest common factor of 8075717 and 2697.
899
Calculate the greatest common factor of 3198 and 10399363.
533
What is the highest common divisor of 179138 and 12642?
86
Calculate the greatest common divisor of 14718 and 95603222.
4906
Calculate the greatest common factor of 698 and 22574018.
698
What is the highest common divisor of 250 and 462973100?
50
What is the highest common factor of 1496373 and 5?
1
Calculate the greatest common factor of 44044 and 656942.
286
What is the greatest common factor of 57926 and 116798?
22
Calculate the greatest common factor of 31537735 and 2260.
565
What is the greatest common divisor of 1222975770 and 30?
30
Calculate the greatest common factor of 6165562 and 26.
26
Calculate the highest common divisor of 153 and 109267143.
51
Calculate the greatest common divisor of 20130 and 126978210.
1830
Calculate the greatest common factor of 1440 and 94750.
10
What is the highest common factor of 14 and 172963?
7
What is the highest common divisor of 19535144 and 712?
712
What is the highest common divisor of 140 and 1799584080?
140
What is the greatest common divisor of 1391905 and 10105?
235
What is the highest common factor of 4902126838 and 14?
14
Calculate the greatest common factor of 273 and 246150294.
39
What is the highest common factor of 56 and 24833620?
28
Calculate the greatest common divisor of 24904 and 32975726.
566
What is the greatest common factor of 2218396 and 2921?
23
Calculate the greatest common divisor of 65056 and 246.
2
Calculate the highest common divisor of 168 and 11723502.
42
Calculate the highest common divisor of 334662 and 6018.
102
Calculate the greatest common factor of 2148 and 207868.
4
Calculate the highest common divisor of 604738 and 6557.
83
What is the highest common factor of 258369 and 327?
3
What is the greatest common divisor of 1475316 and 52?
4
What is the greatest common factor of 3657020 and 70?
10
What is the highest common factor of 25034304 and 4320?
96
What is the greatest common divisor of 61985 and 19435?
115
What is the greatest common factor of 318631 and 2227?
17
Calculate the greatest common divisor of 242085 and 180.
15
Calculate the highest common factor of 730902711 and 693.
231
Calculate the highest common divisor of 238 and 5264356.
34
Calculate the highest common divisor of 65 